{"id":249,"date":"2024-08-21T11:14:56","date_gmt":"2024-08-21T10:14:56","guid":{"rendered":"https:\/\/terroirafrica.com\/home\/?post_type=product&#038;p=249"},"modified":"2026-02-13T16:02:22","modified_gmt":"2026-02-13T15:02:22","slug":"chateau-yon-figeac-2016","status":"publish","type":"product","link":"https:\/\/terroirafrica.com\/home\/product\/chateau-yon-figeac-2016\/","title":{"rendered":"Ch\u00e2teau Yon-Figeac 2016"},"content":{"rendered":"<h2>Discover the Charm of Ch\u00e2teau Yon-Figeac 2016<\/h2>\n<p>Ch\u00e2teau Yon-Figeac 2016 is an elegant Saint-\u00c9milion Grand Cru that displays the finesse and depth characteristic of the renowned wine region. This exquisite wine offers an inviting nose filled with aromas of ripe plum and black cherry, accompanied by subtle hints of chocolate and spice.<\/p>\n<h2>A Symphony of Flavors<\/h2>\n<p>On the palate, Ch\u00e2teau Yon-Figeac 2016 is well-balanced, boasting silky tannins that enhance its sophistication. The wine&#8217;s long, complex finish provides a memorable tasting experience, revealing layers of flavor with each sip.<\/p>\n<h2>Perfect Pairings<\/h2>\n<p>This Grand Cru is a great choice for pairing with roasted meats or gourmet cheeses, making it a versatile addition to any meal or special occasion. Indulge in the elegance of Ch\u00e2teau Yon-Figeac 2016 and elevate your dining experience.<\/p>\n\n    <div class=\"xs_social_share_widget xs_share_url after_content \t\tmain_content  wslu-style-2 wslu-share-box-shaped wslu-fill-colored wslu-share-m-5 wslu-none wslu-share-horizontal wslu-theme-font-no wslu-main_content\">\n\n\t\t\n        <ul>\n\t\t\t                    <li class=\"xs-share-li facebook                        wslu-no-extra-data\">\n                        <a href=\"javascript:void(0);\"\n                           id=\"xs_feed_facebook\"\n                           onclick=\"xs_social_sharer(this);\"\n                           data-pid=\"249\"\n                           data-uri_hash=\"5bc7cad7e9a5446ed757acce7a96f491\"\n                           data-key=\"facebook\"\n                           data-xs-href=\"http:\/\/www.facebook.com\/sharer.php?u=https%3A%2F%2Fterroirafrica.com%2Fhome%2Fwp-json%2Fwp%2Fv2%2Fproduct%2F249&amp;t=Ch%C3%A2teau+Yon-Figeac+2016&amp;v=3\">\n\n                            <div class=\"xs-social-icon\">\n                                <span class=\"met-social met-social-facebook\"><\/span>\n                            <\/div>\n\n\t\t\t\t\t\t\t\n                            <div class=\"wslu-hover-content\">\n                                <div class=\"xs-social-followers\">\n\t\t\t\t\t\t\t\t\t0                                <\/div>\n                                <div class=\"xs-social-follower-text\">\n\t\t\t\t\t\t\t\t\t                                <\/div>\n                                <div class=\"xs-social-follower-label\">\n\t\t\t\t\t\t\t\t\tFacebook                                <\/div>\n                            <\/div>\n                        <\/a>\n                    <\/li>\n\t\t\t\t\t                    <li class=\"xs-share-li twitter                        wslu-no-extra-data\">\n                        <a href=\"javascript:void(0);\"\n                           id=\"xs_feed_twitter\"\n                           onclick=\"xs_social_sharer(this);\"\n                           data-pid=\"249\"\n                           data-uri_hash=\"5bc7cad7e9a5446ed757acce7a96f491\"\n                           data-key=\"twitter\"\n                           data-xs-href=\"https:\/\/twitter.com\/intent\/tweet?text=Ch%C3%A2teau+Yon-Figeac+2016+https%3A%2F%2Fterroirafrica.com%2Fhome%2Fwp-json%2Fwp%2Fv2%2Fproduct%2F249&amp;original_referer=https%3A%2F%2Fterroirafrica.com%2Fhome%2Fwp-json%2Fwp%2Fv2%2Fproduct%2F249&amp;related=xpeedstudio\">\n\n                            <div class=\"xs-social-icon\">\n                                <span class=\"met-social met-social-twitter\"><\/span>\n                            <\/div>\n\n\t\t\t\t\t\t\t\n                            <div class=\"wslu-hover-content\">\n                                <div class=\"xs-social-followers\">\n\t\t\t\t\t\t\t\t\t0                                <\/div>\n                                <div class=\"xs-social-follower-text\">\n\t\t\t\t\t\t\t\t\t                                <\/div>\n                                <div class=\"xs-social-follower-label\">\n\t\t\t\t\t\t\t\t\tTwitter                                <\/div>\n                            <\/div>\n                        <\/a>\n                    <\/li>\n\t\t\t\t\t                    <li class=\"xs-share-li facebook-messenger                        wslu-no-extra-data\">\n                        <a href=\"javascript:void(0);\"\n                           id=\"xs_feed_facebook-messenger\"\n                           onclick=\"xs_social_sharer(this);\"\n                           data-pid=\"249\"\n                           data-uri_hash=\"5bc7cad7e9a5446ed757acce7a96f491\"\n                           data-key=\"facebook-messenger\"\n                           data-xs-href=\"https:\/\/www.facebook.com\/dialog\/send?link=https%3A%2F%2Fterroirafrica.com%2Fhome%2Fwp-json%2Fwp%2Fv2%2Fproduct%2F249&amp;redirect_uri=https%3A%2F%2Fterroirafrica.com%2Fhome%2Fwp-json%2Fwp%2Fv2%2Fproduct%2F249&amp;display=popup&amp;app_id=2577123062406162\">\n\n                            <div class=\"xs-social-icon\">\n                                <span class=\"met-social met-social-facebook-messenger\"><\/span>\n                            <\/div>\n\n\t\t\t\t\t\t\t\n                            <div class=\"wslu-hover-content\">\n                                <div class=\"xs-social-followers\">\n\t\t\t\t\t\t\t\t\t0                                <\/div>\n                                <div class=\"xs-social-follower-text\">\n\t\t\t\t\t\t\t\t\t                                <\/div>\n                                <div class=\"xs-social-follower-label\">\n\t\t\t\t\t\t\t\t\tFacebook-messenger                                <\/div>\n                            <\/div>\n                        <\/a>\n                    <\/li>\n\t\t\t\t\t                    <li class=\"xs-share-li whatsapp                        wslu-no-extra-data\">\n                        <a href=\"javascript:void(0);\"\n                           id=\"xs_feed_whatsapp\"\n                           onclick=\"xs_social_sharer(this);\"\n                           data-pid=\"249\"\n                           data-uri_hash=\"5bc7cad7e9a5446ed757acce7a96f491\"\n                           data-key=\"whatsapp\"\n                           data-xs-href=\"whatsapp:\/\/send?text=Ch%C3%A2teau+Yon-Figeac+2016+https%3A%2F%2Fterroirafrica.com%2Fhome%2Fwp-json%2Fwp%2Fv2%2Fproduct%2F249\">\n\n                            <div class=\"xs-social-icon\">\n                                <span class=\"met-social met-social-whatsapp\"><\/span>\n                            <\/div>\n\n\t\t\t\t\t\t\t\n                            <div class=\"wslu-hover-content\">\n                                <div class=\"xs-social-followers\">\n\t\t\t\t\t\t\t\t\t0                                <\/div>\n                                <div class=\"xs-social-follower-text\">\n\t\t\t\t\t\t\t\t\t                                <\/div>\n                                <div class=\"xs-social-follower-label\">\n\t\t\t\t\t\t\t\t\tWhatsapp                                <\/div>\n                            <\/div>\n                        <\/a>\n                    <\/li>\n\t\t\t\t\t                    <li class=\"xs-share-li telegram                        wslu-no-extra-data\">\n                        <a href=\"javascript:void(0);\"\n                           id=\"xs_feed_telegram\"\n                           onclick=\"xs_social_sharer(this);\"\n                           data-pid=\"249\"\n                           data-uri_hash=\"5bc7cad7e9a5446ed757acce7a96f491\"\n                           data-key=\"telegram\"\n                           data-xs-href=\"https:\/\/telegram.me\/share\/url?url=https%3A%2F%2Fterroirafrica.com%2Fhome%2Fwp-json%2Fwp%2Fv2%2Fproduct%2F249&amp;text=Ch%C3%A2teau+Yon-Figeac+2016\">\n\n                            <div class=\"xs-social-icon\">\n                                <span class=\"met-social met-social-telegram\"><\/span>\n                            <\/div>\n\n\t\t\t\t\t\t\t\n                            <div class=\"wslu-hover-content\">\n                                <div class=\"xs-social-followers\">\n\t\t\t\t\t\t\t\t\t0                                <\/div>\n                                <div class=\"xs-social-follower-text\">\n\t\t\t\t\t\t\t\t\t                                <\/div>\n                                <div class=\"xs-social-follower-label\">\n\t\t\t\t\t\t\t\t\tTelegram                                <\/div>\n                            <\/div>\n                        <\/a>\n                    <\/li>\n\t\t\t\t\t                    <li class=\"xs-share-li email                        wslu-no-extra-data\">\n                        <a href=\"javascript:void(0);\"\n                           id=\"xs_feed_email\"\n                           onclick=\"xs_social_sharer(this);\"\n                           data-pid=\"249\"\n                           data-uri_hash=\"5bc7cad7e9a5446ed757acce7a96f491\"\n                           data-key=\"email\"\n                           data-xs-href=\"mailto:?body=Title%3A+Ch%C3%A2teau+Yon-Figeac+2016+%5Cn%5Cn+URL%3A+https%3A%2F%2Fterroirafrica.com%2Fhome%2Fwp-json%2Fwp%2Fv2%2Fproduct%2F249&amp;subject=Ch%C3%A2teau+Yon-Figeac+2016\">\n\n                            <div class=\"xs-social-icon\">\n                                <span class=\"met-social met-social-email\"><\/span>\n                            <\/div>\n\n\t\t\t\t\t\t\t\n                            <div class=\"wslu-hover-content\">\n                                <div class=\"xs-social-followers\">\n\t\t\t\t\t\t\t\t\t0                                <\/div>\n                                <div class=\"xs-social-follower-text\">\n\t\t\t\t\t\t\t\t\t                                <\/div>\n                                <div class=\"xs-social-follower-label\">\n\t\t\t\t\t\t\t\t\tEmail                                <\/div>\n                            <\/div>\n                        <\/a>\n                    <\/li>\n\t\t\t\t\t        <\/ul>\n    <\/div> \n","protected":false},"excerpt":{"rendered":"<p>Ch\u00e2teau Yon-Figeac 2016<br \/>\nAn elegant Saint-\u00c9milion Grand Cru, Ch\u00e2teau Yon-Figeac 2016 displays the finesse and depth characteristic of the region. This wine offers a nose of ripe plum, black cherry, and subtle hints of chocolate and spice. On the palate, it is well-balanced with silky tannins and a long, complex finish. A great choice for pairing with roasted meats or gourmet cheeses.<\/p>\n","protected":false},"featured_media":391,"template":"","meta":{"_uag_custom_page_level_css":"","site-sidebar-layout":"default","site-content-layout":"","ast-site-content-layout":"default","site-content-style":"default","site-sidebar-style":"default","ast-global-header-display":"","ast-banner-title-visibility":"","ast-main-header-display":"","ast-hfb-above-header-display":"","ast-hfb-below-header-display":"","ast-hfb-mobile-header-display":"","site-post-title":"","ast-breadcrumbs-content":"","ast-featured-img":"","footer-sml-layout":"","theme-transparent-header-meta":"default","adv-header-id-meta":"","stick-header-meta":"","header-above-stick-meta":"","header-main-stick-meta":"","header-below-stick-meta":"","astra-migrate-meta-layouts":"set","ast-page-background-enabled":"default","ast-page-background-meta":{"desktop":{"background-color":"var(--ast-global-color-4)","background-image":"","background-repeat":"repeat","background-position":"center center","background-size":"auto","background-attachment":"scroll","background-type":"","background-media":"","overlay-type":"","overlay-color":"","overlay-opacity":"","overlay-gradient":""},"tablet":{"background-color":"","background-image":"","background-repeat":"repeat","background-position":"center center","background-size":"auto","background-attachment":"scroll","background-type":"","background-media":"","overlay-type":"","overlay-color":"","overlay-opacity":"","overlay-gradient":""},"mobile":{"background-color":"","background-image":"","background-repeat":"repeat","background-position":"center center","background-size":"auto","background-attachment":"scroll","background-type":"","background-media":"","overlay-type":"","overlay-color":"","overlay-opacity":"","overlay-gradient":""}},"ast-content-background-meta":{"desktop":{"background-color":"var(--ast-global-color-5)","background-image":"","background-repeat":"repeat","background-position":"center center","background-size":"auto","background-attachment":"scroll","background-type":"","background-media":"","overlay-type":"","overlay-color":"","overlay-opacity":"","overlay-gradient":""},"tablet":{"background-color":"var(--ast-global-color-5)","background-image":"","background-repeat":"repeat","background-position":"center center","background-size":"auto","background-attachment":"scroll","background-type":"","background-media":"","overlay-type":"","overlay-color":"","overlay-opacity":"","overlay-gradient":""},"mobile":{"background-color":"var(--ast-global-color-5)","background-image":"","background-repeat":"repeat","background-position":"center center","background-size":"auto","background-attachment":"scroll","background-type":"","background-media":"","overlay-type":"","overlay-color":"","overlay-opacity":"","overlay-gradient":""}}},"product_brand":[],"product_cat":[102,21],"product_tag":[],"class_list":{"0":"post-249","1":"product","2":"type-product","3":"status-publish","4":"has-post-thumbnail","6":"product_cat-france","7":"product_cat-red","8":"desktop-align-left","9":"tablet-align-left","10":"mobile-align-left","12":"first","13":"instock","14":"taxable","15":"shipping-taxable","16":"purchasable","17":"product-type-simple"},"yoast_head":"<!-- This site is optimized with the Yoast SEO plugin v26.8 - https:\/\/yoast.com\/product\/yoast-seo-wordpress\/ -->\n<title>Ch\u00e2teau Yon-Figeac 2016 - TERROIR Africa<\/title>\n<meta name=\"robots\" content=\"index, follow, max-snippet:-1, max-image-preview:large, max-video-preview:-1\" \/>\n<link rel=\"canonical\" href=\"https:\/\/terroirafrica.com\/home\/product\/chateau-yon-figeac-2016\/\" \/>\n<meta property=\"og:locale\" content=\"en_US\" \/>\n<meta property=\"og:type\" content=\"article\" \/>\n<meta property=\"og:title\" content=\"Ch\u00e2teau Yon-Figeac 2016 - TERROIR Africa\" \/>\n<meta property=\"og:description\" content=\"Ch\u00e2teau Yon-Figeac 2016 An elegant Saint-\u00c9milion Grand Cru, Ch\u00e2teau Yon-Figeac 2016 displays the finesse and depth characteristic of the region. This wine offers a nose of ripe plum, black cherry, and subtle hints of chocolate and spice. On the palate, it is well-balanced with silky tannins and a long, complex finish. A great choice for pairing with roasted meats or gourmet cheeses.\" \/>\n<meta property=\"og:url\" content=\"https:\/\/terroirafrica.com\/home\/product\/chateau-yon-figeac-2016\/\" \/>\n<meta property=\"og:site_name\" content=\"TERROIR Africa\" \/>\n<meta property=\"article:publisher\" content=\"https:\/\/web.facebook.com\/profile.php?id=61563605112265#\" \/>\n<meta property=\"article:modified_time\" content=\"2026-02-13T15:02:22+00:00\" \/>\n<meta property=\"og:image\" content=\"https:\/\/terroirafrica.com\/home\/wp-content\/uploads\/2024\/08\/BT-Cht-Yon-Figeac-2016.png\" \/>\n\t<meta property=\"og:image:width\" content=\"1080\" \/>\n\t<meta property=\"og:image:height\" content=\"1080\" \/>\n\t<meta property=\"og:image:type\" content=\"image\/png\" \/>\n<meta name=\"twitter:card\" content=\"summary_large_image\" \/>\n<meta name=\"twitter:label1\" content=\"Est. reading time\" \/>\n\t<meta name=\"twitter:data1\" content=\"1 minute\" \/>\n<script type=\"application\/ld+json\" class=\"yoast-schema-graph\">{\"@context\":\"https:\/\/schema.org\",\"@graph\":[{\"@type\":\"WebPage\",\"@id\":\"https:\/\/terroirafrica.com\/home\/product\/chateau-yon-figeac-2016\/\",\"url\":\"https:\/\/terroirafrica.com\/home\/product\/chateau-yon-figeac-2016\/\",\"name\":\"Ch\u00e2teau Yon-Figeac 2016 - TERROIR Africa\",\"isPartOf\":{\"@id\":\"https:\/\/terroirafrica.com\/home\/#website\"},\"primaryImageOfPage\":{\"@id\":\"https:\/\/terroirafrica.com\/home\/product\/chateau-yon-figeac-2016\/#primaryimage\"},\"image\":{\"@id\":\"https:\/\/terroirafrica.com\/home\/product\/chateau-yon-figeac-2016\/#primaryimage\"},\"thumbnailUrl\":\"https:\/\/terroirafrica.com\/home\/wp-content\/uploads\/2024\/08\/BT-Cht-Yon-Figeac-2016.png\",\"datePublished\":\"2024-08-21T10:14:56+00:00\",\"dateModified\":\"2026-02-13T15:02:22+00:00\",\"breadcrumb\":{\"@id\":\"https:\/\/terroirafrica.com\/home\/product\/chateau-yon-figeac-2016\/#breadcrumb\"},\"inLanguage\":\"en-US\",\"potentialAction\":[{\"@type\":\"ReadAction\",\"target\":[\"https:\/\/terroirafrica.com\/home\/product\/chateau-yon-figeac-2016\/\"]}]},{\"@type\":\"ImageObject\",\"inLanguage\":\"en-US\",\"@id\":\"https:\/\/terroirafrica.com\/home\/product\/chateau-yon-figeac-2016\/#primaryimage\",\"url\":\"https:\/\/terroirafrica.com\/home\/wp-content\/uploads\/2024\/08\/BT-Cht-Yon-Figeac-2016.png\",\"contentUrl\":\"https:\/\/terroirafrica.com\/home\/wp-content\/uploads\/2024\/08\/BT-Cht-Yon-Figeac-2016.png\",\"width\":1080,\"height\":1080},{\"@type\":\"BreadcrumbList\",\"@id\":\"https:\/\/terroirafrica.com\/home\/product\/chateau-yon-figeac-2016\/#breadcrumb\",\"itemListElement\":[{\"@type\":\"ListItem\",\"position\":1,\"name\":\"Home\",\"item\":\"https:\/\/terroirafrica.com\/home\/\"},{\"@type\":\"ListItem\",\"position\":2,\"name\":\"Shop\",\"item\":\"https:\/\/terroirafrica.com\/home\/shop\/\"},{\"@type\":\"ListItem\",\"position\":3,\"name\":\"Ch\u00e2teau Yon-Figeac 2016\"}]},{\"@type\":\"WebSite\",\"@id\":\"https:\/\/terroirafrica.com\/home\/#website\",\"url\":\"https:\/\/terroirafrica.com\/home\/\",\"name\":\"TERROIR Africa\",\"description\":\"...selectively exclusive.\",\"publisher\":{\"@id\":\"https:\/\/terroirafrica.com\/home\/#organization\"},\"potentialAction\":[{\"@type\":\"SearchAction\",\"target\":{\"@type\":\"EntryPoint\",\"urlTemplate\":\"https:\/\/terroirafrica.com\/home\/?s={search_term_string}\"},\"query-input\":{\"@type\":\"PropertyValueSpecification\",\"valueRequired\":true,\"valueName\":\"search_term_string\"}}],\"inLanguage\":\"en-US\"},{\"@type\":\"Organization\",\"@id\":\"https:\/\/terroirafrica.com\/home\/#organization\",\"name\":\"TERROIR Africa\",\"url\":\"https:\/\/terroirafrica.com\/home\/\",\"logo\":{\"@type\":\"ImageObject\",\"inLanguage\":\"en-US\",\"@id\":\"https:\/\/terroirafrica.com\/home\/#\/schema\/logo\/image\/\",\"url\":\"https:\/\/terroirafrica.com\/home\/wp-content\/uploads\/2024\/07\/Terroir-Main-Logo.png\",\"contentUrl\":\"https:\/\/terroirafrica.com\/home\/wp-content\/uploads\/2024\/07\/Terroir-Main-Logo.png\",\"width\":1642,\"height\":403,\"caption\":\"TERROIR Africa\"},\"image\":{\"@id\":\"https:\/\/terroirafrica.com\/home\/#\/schema\/logo\/image\/\"},\"sameAs\":[\"https:\/\/web.facebook.com\/profile.php?id=61563605112265#\",\"https:\/\/www.instagram.com\/terroirafrica\"]}]}<\/script>\n<!-- \/ Yoast SEO plugin. -->","yoast_head_json":{"title":"Ch\u00e2teau Yon-Figeac 2016 - TERROIR Africa","robots":{"index":"index","follow":"follow","max-snippet":"max-snippet:-1","max-image-preview":"max-image-preview:large","max-video-preview":"max-video-preview:-1"},"canonical":"https:\/\/terroirafrica.com\/home\/product\/chateau-yon-figeac-2016\/","og_locale":"en_US","og_type":"article","og_title":"Ch\u00e2teau Yon-Figeac 2016 - TERROIR Africa","og_description":"Ch\u00e2teau Yon-Figeac 2016 An elegant Saint-\u00c9milion Grand Cru, Ch\u00e2teau Yon-Figeac 2016 displays the finesse and depth characteristic of the region. This wine offers a nose of ripe plum, black cherry, and subtle hints of chocolate and spice. On the palate, it is well-balanced with silky tannins and a long, complex finish. A great choice for pairing with roasted meats or gourmet cheeses.","og_url":"https:\/\/terroirafrica.com\/home\/product\/chateau-yon-figeac-2016\/","og_site_name":"TERROIR Africa","article_publisher":"https:\/\/web.facebook.com\/profile.php?id=61563605112265#","article_modified_time":"2026-02-13T15:02:22+00:00","og_image":[{"width":1080,"height":1080,"url":"https:\/\/terroirafrica.com\/home\/wp-content\/uploads\/2024\/08\/BT-Cht-Yon-Figeac-2016.png","type":"image\/png"}],"twitter_card":"summary_large_image","twitter_misc":{"Est. reading time":"1 minute"},"schema":{"@context":"https:\/\/schema.org","@graph":[{"@type":"WebPage","@id":"https:\/\/terroirafrica.com\/home\/product\/chateau-yon-figeac-2016\/","url":"https:\/\/terroirafrica.com\/home\/product\/chateau-yon-figeac-2016\/","name":"Ch\u00e2teau Yon-Figeac 2016 - TERROIR Africa","isPartOf":{"@id":"https:\/\/terroirafrica.com\/home\/#website"},"primaryImageOfPage":{"@id":"https:\/\/terroirafrica.com\/home\/product\/chateau-yon-figeac-2016\/#primaryimage"},"image":{"@id":"https:\/\/terroirafrica.com\/home\/product\/chateau-yon-figeac-2016\/#primaryimage"},"thumbnailUrl":"https:\/\/terroirafrica.com\/home\/wp-content\/uploads\/2024\/08\/BT-Cht-Yon-Figeac-2016.png","datePublished":"2024-08-21T10:14:56+00:00","dateModified":"2026-02-13T15:02:22+00:00","breadcrumb":{"@id":"https:\/\/terroirafrica.com\/home\/product\/chateau-yon-figeac-2016\/#breadcrumb"},"inLanguage":"en-US","potentialAction":[{"@type":"ReadAction","target":["https:\/\/terroirafrica.com\/home\/product\/chateau-yon-figeac-2016\/"]}]},{"@type":"ImageObject","inLanguage":"en-US","@id":"https:\/\/terroirafrica.com\/home\/product\/chateau-yon-figeac-2016\/#primaryimage","url":"https:\/\/terroirafrica.com\/home\/wp-content\/uploads\/2024\/08\/BT-Cht-Yon-Figeac-2016.png","contentUrl":"https:\/\/terroirafrica.com\/home\/wp-content\/uploads\/2024\/08\/BT-Cht-Yon-Figeac-2016.png","width":1080,"height":1080},{"@type":"BreadcrumbList","@id":"https:\/\/terroirafrica.com\/home\/product\/chateau-yon-figeac-2016\/#breadcrumb","itemListElement":[{"@type":"ListItem","position":1,"name":"Home","item":"https:\/\/terroirafrica.com\/home\/"},{"@type":"ListItem","position":2,"name":"Shop","item":"https:\/\/terroirafrica.com\/home\/shop\/"},{"@type":"ListItem","position":3,"name":"Ch\u00e2teau Yon-Figeac 2016"}]},{"@type":"WebSite","@id":"https:\/\/terroirafrica.com\/home\/#website","url":"https:\/\/terroirafrica.com\/home\/","name":"TERROIR Africa","description":"...selectively exclusive.","publisher":{"@id":"https:\/\/terroirafrica.com\/home\/#organization"},"potentialAction":[{"@type":"SearchAction","target":{"@type":"EntryPoint","urlTemplate":"https:\/\/terroirafrica.com\/home\/?s={search_term_string}"},"query-input":{"@type":"PropertyValueSpecification","valueRequired":true,"valueName":"search_term_string"}}],"inLanguage":"en-US"},{"@type":"Organization","@id":"https:\/\/terroirafrica.com\/home\/#organization","name":"TERROIR Africa","url":"https:\/\/terroirafrica.com\/home\/","logo":{"@type":"ImageObject","inLanguage":"en-US","@id":"https:\/\/terroirafrica.com\/home\/#\/schema\/logo\/image\/","url":"https:\/\/terroirafrica.com\/home\/wp-content\/uploads\/2024\/07\/Terroir-Main-Logo.png","contentUrl":"https:\/\/terroirafrica.com\/home\/wp-content\/uploads\/2024\/07\/Terroir-Main-Logo.png","width":1642,"height":403,"caption":"TERROIR Africa"},"image":{"@id":"https:\/\/terroirafrica.com\/home\/#\/schema\/logo\/image\/"},"sameAs":["https:\/\/web.facebook.com\/profile.php?id=61563605112265#","https:\/\/www.instagram.com\/terroirafrica"]}]}},"uagb_featured_image_src":{"full":["https:\/\/terroirafrica.com\/home\/wp-content\/uploads\/2024\/08\/BT-Cht-Yon-Figeac-2016.png",1080,1080,false],"thumbnail":["https:\/\/terroirafrica.com\/home\/wp-content\/uploads\/2024\/08\/BT-Cht-Yon-Figeac-2016-150x150.png",150,150,true],"medium":["https:\/\/terroirafrica.com\/home\/wp-content\/uploads\/2024\/08\/BT-Cht-Yon-Figeac-2016-300x300.png",300,300,true],"medium_large":["https:\/\/terroirafrica.com\/home\/wp-content\/uploads\/2024\/08\/BT-Cht-Yon-Figeac-2016-768x768.png",768,768,true],"large":["https:\/\/terroirafrica.com\/home\/wp-content\/uploads\/2024\/08\/BT-Cht-Yon-Figeac-2016-1024x1024.png",1024,1024,true],"1536x1536":["https:\/\/terroirafrica.com\/home\/wp-content\/uploads\/2024\/08\/BT-Cht-Yon-Figeac-2016.png",1080,1080,false],"2048x2048":["https:\/\/terroirafrica.com\/home\/wp-content\/uploads\/2024\/08\/BT-Cht-Yon-Figeac-2016.png",1080,1080,false],"woocommerce_thumbnail":["https:\/\/terroirafrica.com\/home\/wp-content\/uploads\/2024\/08\/BT-Cht-Yon-Figeac-2016-300x300.png",300,300,true],"woocommerce_single":["https:\/\/terroirafrica.com\/home\/wp-content\/uploads\/2024\/08\/BT-Cht-Yon-Figeac-2016-600x600.png",600,600,true],"woocommerce_gallery_thumbnail":["https:\/\/terroirafrica.com\/home\/wp-content\/uploads\/2024\/08\/BT-Cht-Yon-Figeac-2016-100x100.png",100,100,true]},"uagb_author_info":{"display_name":"Terroir Africa","author_link":"https:\/\/terroirafrica.com\/home\/author\/"},"uagb_comment_info":0,"uagb_excerpt":"Ch\u00e2teau Yon-Figeac 2016 An elegant Saint-\u00c9milion Grand Cru, Ch\u00e2teau Yon-Figeac 2016 displays the finesse and depth characteristic of the region. This wine offers a nose of ripe plum, black cherry, and subtle hints of chocolate and spice. On the palate, it is well-balanced with silky tannins and a long, complex finish. A great choice for&hellip;","_links":{"self":[{"href":"https:\/\/terroirafrica.com\/home\/wp-json\/wp\/v2\/product\/249","targetHints":{"allow":["GET"]}}],"collection":[{"href":"https:\/\/terroirafrica.com\/home\/wp-json\/wp\/v2\/product"}],"about":[{"href":"https:\/\/terroirafrica.com\/home\/wp-json\/wp\/v2\/types\/product"}],"version-history":[{"count":6,"href":"https:\/\/terroirafrica.com\/home\/wp-json\/wp\/v2\/product\/249\/revisions"}],"predecessor-version":[{"id":394,"href":"https:\/\/terroirafrica.com\/home\/wp-json\/wp\/v2\/product\/249\/revisions\/394"}],"wp:featuredmedia":[{"embeddable":true,"href":"https:\/\/terroirafrica.com\/home\/wp-json\/wp\/v2\/media\/391"}],"wp:attachment":[{"href":"https:\/\/terroirafrica.com\/home\/wp-json\/wp\/v2\/media?parent=249"}],"wp:term":[{"taxonomy":"product_brand","embeddable":true,"href":"https:\/\/terroirafrica.com\/home\/wp-json\/wp\/v2\/product_brand?post=249"},{"taxonomy":"product_cat","embeddable":true,"href":"https:\/\/terroirafrica.com\/home\/wp-json\/wp\/v2\/product_cat?post=249"},{"taxonomy":"product_tag","embeddable":true,"href":"https:\/\/terroirafrica.com\/home\/wp-json\/wp\/v2\/product_tag?post=249"}],"curies":[{"name":"wp","href":"https:\/\/api.w.org\/{rel}","templated":true}]}}